mon divisor of 420 and m?
140
Let r be -4*27/(-12) - 4. Suppose r*t = 18 + 7. Let z = 13 - t. Calculate the highest common factor of z and 24.
8
Let c = -58 + 92. Let q(o) = c - 15 + 4*o**2 + 41 - 3*o**2. Let y be q(0). Calculate the highest common divisor of 24 and y.
12
Let l = -40 + 58. Let c(r) = -r**3 + 6*r**2 + 10*r - 3. Let w be c(7). Calculate the highest common divisor of l and w.
18
Let p = -3 + 129. What is the greatest common divisor of 294 and p?
42
Let p be -18*-3*1/9. Let c be (3 - p) + 0 - 9. Let z be (c/(-8))/((-2)/(-28)). Calculate the highest common factor of z and 3.
3
Let r(c) = c**3 + 17*c**2 - 16*c - 23. Let z be r(-17). What is the greatest common divisor of 83 and z?
83
Let z = 1865 - 1765. Let g(f) = 21*f**3 - f**2. Let b be g(1). Calculate the greatest common divisor of z and b.
20
Let d(g) = g**2 + 5*g + 2. Let y be d(-7). Let a = -87 + 31. Let r = y - a. What is the highest common divisor of 18 and r?
18
Let d be 2*-16 + (-27)/(-9). Let x be d/(-9) - (-10)/(-45). Let a be -8*(2 - x) + -2. Calculate the greatest common factor of a and 2.
2
Let z be ((-16)/10)/((-4)/170). Let v be (-1)/2*-2 + 31 + -29. Suppose 14 = l - v. Calculate the highest common divisor of l and z.
17
Let d be (30/(-9))/((20/12)/(-5)). Calculate the greatest common divisor of d and 15.
5
Let o(h) = h**3 - 3*h**2 + 14*h - 42. Let q be o(6). Calculate the greatest common divisor of 250 and q.
50
Suppose 2*m - 4*m = 94. Let y = -235 - -152. Let i = m - y. Calculate the greatest common divisor of i and 12.
12
Let y(w) = 2*w - 16. Let f be y(14). Calculate the greatest common factor of 876 and f.
12
Let r be (-54)/4*14/(-21). Let n = 29 - r. What is the greatest common divisor of n and 100?
20
Let k(m) be the third derivative of m**5/60 + m**4/6 - 2*m**3/3 + 3*m**2. Let b be k(-5). Let p = -5 - -14. Calculate the highest common factor of p and b.
1
Let h = 12 - 10. Suppose 10*a = 8*a + h. Suppose -m = -3*o + 1 + a, -2*o = -4. What is the greatest common divisor of 4 and m?
4
Let t(l) = l**2 + 15*l + 31. Let w be t(-7). Let b be -4*w/20*14. Let i = -7 + 17. What is the greatest common divisor of i and b?
10
Suppose -2*m = -5*g - 328, -2*m - 2*m - g = -700. Let t = 26 + m. Calculate the greatest common divisor of 40 and t.
40
Let j = -537 - -597. Calculate the greatest common divisor of j and 285.
15
Let q = 58 + -13. Suppose -7*z + q = -4*z. Calculate the greatest common factor of z and 3.
3
Let h = 288 + -287. What is the greatest common divisor of h and 157?
1
Suppose 125*c + 479 - 1695 = 1909. Let w(x) = x**3 - 4*x**2 - 2*x - 5. Let y be w(5). What is the greatest common divisor of c and y?
5
Let g be 246/(-15) + 7/5 + -2. Let r = g - -73. What is the highest common divisor of 14 and r?
14
Let r(u) = 3*u - 9. Let f(i) = -9*i - 5. Let m be f(-2). Let k be r(m). Suppose 2*g - k = -20. Calculate the greatest common divisor of 35 and g.
5
Suppose -68 = 3*s - 188. Let x be 2/6 - (-188)/12. Suppose 3*b + 1 - x = 0. Calculate the greatest common divisor of s and b.
5
Suppose 3*h = -0*h + 6. Suppose 0*g - h*g + 2*c + 42 = 0, -c - 109 = -5*g. Let b = g + -16. Calculate the highest common factor of b and 48.
6
Let q(v) = 3*v**2 - 34*v + 8. Let u be q(14). Calculate the highest common factor of u and 32.
8
Suppose 5*h - 2*h + 2 = -5*p, 3*p + 1 = -2*h. Let x be 2 - (6 + p) - -7*1. What is the greatest common factor of 32 and x?
4
Let h(p) = -9*p - 4. Let n be h(-4). Let g = -201 + 281. What is the highest common divisor of n and g?
16
Let y be 8 - (3 + 4/(-4)). Let h = -6 + y. Suppose 4*j - 7 - 25 = -3*u, h = 4*j + 5*u - 32. Calculate the greatest common factor of j and 64.
8
Let g be (94 - -27) + 5 + -1. Calculate the highest common factor of g and 75.
25
Let d be -2*4/(-16)*-10. Let r be d/(10/6) - 1. Let f be 4/(-6)*3 - r. Calculate the highest common factor of 2 and f.
2
Suppose 0 = -16*t + 13*t - 12. Let s(x) = -4*x + 6. Let j be s(t). Let d = 99 + -44. What is the highest common divisor of j and d?
11
Suppose -3*p - 52 = 4*y, 5*p + y + 30 = -34. Let t = p + 16. Suppose -m + 4 = -t. What is the highest common factor of m and 88?
8
Let i be (-11)/(-2) - (-1)/(-2). Let a(g) = -37*g - 143. Let r be a(-4). What is the highest common factor of i and r?
5
Suppose 276 = 5*n + 4*z, 5*z - 116 + 9 = -2*n. Suppose -n = -6*k + 10. Calculate the highest common divisor of 209 and k.
11
Let h be ((-20)/(-16))/((-16)/(-960)). What is the highest common divisor of h and 15?
15
Let w = -27 - -30. Suppose 3*p = -4*g + 647, -w*g = -3*p - 0*p + 654. Calculate the highest common divisor of 31 and p.
31
Let q(v) = 14*v - 196. Let m be q(24). What is the greatest common divisor of m and 60?
20
Let a = 1282 + -1184. Calculate the greatest common divisor of a and 70.
14
Suppose 211*l + 740 = 221*l. What is the highest common factor of 259 and l?
37
Let o = 407 + -345. Calculate the greatest common divisor of o and 186.
62
Let a = -312 - -474. What is the greatest common divisor of a and 459?
27
Suppose -7*y + 36 = -97. Let j = -4 + y. What is the greatest common factor of j and 45?
15
Let p(t) = t + 12. Suppose -11*o - 1 = l - 10*o, l + 5*o = -5. Let s be p(l). What is the greatest common divisor of s and 192?
12
Let o(t) = 39*t - 142. Let j be o(4). Calculate the greatest common factor of j and 82.
2
Suppose 5*j - r = 227, -4*j - 178 = -8*j - r. What is the greatest common factor of j and 423?
9
Suppose 4*i - 15 = i. Suppose 5*v = -0*v + 2*d - 492, -i*v - 520 = 5*d. Let t be (-24)/10*v/15. Calculate the greatest common divisor of 176 and t.
16
Let q = 99 - 97. Let r(l) = 16*l - 2. Let w be r(q). What is the highest common factor of 20 and w?
10
Let s(i) = -2*i**3 - 61*i**2 + 29*i - 48. Let p be s(-31). Suppose v - 3*r = -4*r + 26, r = 2*v - 58. Calculate the greatest common factor of p and v.
14
Suppose -5*w - 8 + 43 = 0. Suppose 0 = 4*o - w*o + 30. Suppose -9*l - 26 = -o*l. Calculate the greatest common divisor of l and 26.
26
Let t(b) be the third derivative of -b**6/120 - b**5/15 - 5*b**4/24 - 5*b**3/6 + 9*b**2. Let q be t(-4). What is the highest common divisor of 10 and q?
5
Let z be (-927)/(-18)*(-112)/(-8). Calculate the greatest common factor of z and 309.
103
Let z be (21 - 24) + -1 + 39/1. Calculate the greatest common divisor of z and 21.
7
Suppose -k - 1 = 0, -k = -5*x + 1579 - 398. Suppose -142 = -p - 4*n, 5*n = 2*p + n - x. What is the highest common factor of p and 42?
42
Suppose -606 = -i - 573. What is the greatest common divisor of 55 and i?
11
Let t be (32/(-10))/(4/(-10)) + 5. What is the highest common divisor of 871 and t?
13
Let z(o) = 128*o**2 - 2 + 2*o - 224*o**2 + 103*o**2. Suppose 0*k = k + 3. Let i be z(k). Calculate the greatest common divisor of 22 and i.
11
Let a(s) = 12*s**2 - 63*s + 183. Let z be a(3). Calculate the highest common factor of z and 78.
6
Let r(v) = 5*v + 10. Let n(u) = 6*u + 9. Let y(m) = -4*n(m) + 3*r(m). Let g be y(-4). What is the greatest common factor of g and 6?
6
Let i be 5308/15 + 48/360. Calculate the greatest common divisor of i and 2006.
118
Suppose -a - 58*f - 6 = -61*f, -4*f = -a - 9. Suppose 0*r - 2*k + 141 = 5*r, 4*k - 12 = 0. What is the highest common divisor of a and r?
3
Suppose 2*n - 52 = 3*w - w, 2*n - 3*w - 51 = 0. What is the highest common divisor of 594 and n?
27
Let d be (-42)/42 + (-1 - -3) + 1. Suppose -2*r - 19 = -d*o + 69, 5*o = 3*r + 222. What is the greatest common factor of 18 and o?
9
Let k be 8 + -9 - (-3 + 0). Suppose 4*v + x = 216, 2*v = v - k*x + 47. Calculate the highest common factor of 5 and v.
5
Let h be ((-1)/4)/(13/(-260)). Suppose 3*r - h*f - 228 = 0, -4*f = -3*r - 3*f + 228. What is the highest common divisor of r and 190?
38
Let o = 13 + -9. Suppose 5 = -o*x + 85. What is the highest common divisor of x and 10?
10
Let u = 12 - 6. Suppose -u*f + 2*f = -120. Let y = f + 2. Calculate the highest common factor of y and 48.
16
Suppose 107 - 62 = 5*t. Calculate the greatest common divisor of 963 and t.
9
Let l(r) = -4*r + 8. Let b be l(-10). What is the highest common factor of 64 and b?
16
Let p be (-256)/704 - 2487/(-33). Calculate the greatest common factor of p and 60.
15
Let f(c) = -41*c. Let o be f(-5). Suppose 3*k = 5*w - o, -4*w - 4*k + 126 = -70. What is the greatest common fact